f 520214328?
True
Does 17 divide 475749420?
True
Is 1110016042 a multiple of 1397?
False
Is 3043 a factor of 5889166588?
True
Does 587 divide 129819084?
False
Does 46 divide 49781016?
True
Is 1407 a factor of 97651428?
True
Is 62180797 a multiple of 14?
False
Is 1829971634 a multiple of 745?
False
Does 36 divide 582766395?
False
Is 23116374 a multiple of 954?
True
Is 52863244 a multiple of 14?
True
Is 3 a factor of 120628106?
False
Does 93 divide 3403242?
True
Does 99 divide 1154080026?
True
Is 25198522 a multiple of 18?
False
Is 93 a factor of 32982078?
True
Is 397 a factor of 21177171?
True
Does 1422 divide 661365090?
True
Is 209 a factor of 152447944?
True
Is 3242 a factor of 497796132?
True
Is 16 a factor of 101024480?
True
Is 307251420 a multiple of 60?
True
Does 343 divide 93795934?
False
Is 1187 a factor of 1430919004?
True
Is 93 a factor of 409996?
False
Is 90892500 a multiple of 300?
True
Is 1458586542 a multiple of 502?
False
Is 18612271 a multiple of 7?
False
Is 5239752238 a multiple of 14?
True
Is 42573390 a multiple of 65?
False
Does 496 divide 32387312?
True
Does 11 divide 102480686?
True
Does 10 divide 17577986?
False
Does 25 divide 2682098?
False
Is 53543790 a multiple of 6?
True
Is 61 a factor of 206065381?
True
Is 1066 a factor of 61057509?
False
Is 152 a factor of 2504561912?
True
Is 511 a factor of 4969961983?
True
Does 77 divide 364298?
False
Is 64608382 a multiple of 1513?
False
Does 4 divide 37926852?
True
Is 418472598 a multiple of 35?
False
Is 561838418 a multiple of 202?
False
Does 45 divide 408953758?
False
Is 17 a factor of 29266112?
True
Is 13 a factor of 29993169?
False
Does 29 divide 8443618?
False
Is 57235561 a multiple of 959?
False
Is 45097097 a multiple of 103?
False
Is 939018540 a multiple of 14?
False
Is 13 a factor of 1921846849?
True
Does 3 divide 336534729?
True
Is 56 a factor of 302732778?
False
Is 269 a factor of 8157425?
True
Is 145790055 a multiple of 369?
True
Is 308926941 a multiple of 569?
False
Does 11 divide 174873927?
False
Does 755 divide 373390535?
True
Is 179 a factor of 187508049?
True
Does 4 divide 327772?
True
Does 35 divide 731413610?
False
Is 33954229 a multiple of 37?
False
Is 459 a factor of 541998675?
True
Does 1642 divide 802199100?
True
Does 6 divide 2009430?
True
Does 13 divide 169400515?
False
Does 4916 divide 996565996?
False
Is 249 a factor of 17704325?
False
Does 18 divide 54168635?
False
Is 721980111 a multiple of 3892?
False
Is 306 a factor of 291174054?
False
Is 77472517 a multiple of 214?
False
Is 52 a factor of 771039100?
True
Does 252 divide 102602808?
True
Is 38901510 a multiple of 46?
True
Does 39 divide 24621139?
False
Is 2413 a factor of 132902755?
False
Is 2 a factor of 37571583?
False
Does 3569 divide 817301?
True
Is 201724030 a multiple of 24?
False
Does 6 divide 23162078?
False
Is 15282960 a multiple of 440?
True
Is 47815248 a multiple of 592?
True
Does 2103 divide 392682?
False
Is 19797792 a multiple of 96?
True
Is 89416300 a multiple of 265?
True
Is 4025 a factor of 21191625?
True
Is 5 a factor of 82997895?
True
Does 71 divide 630087526?
False
Is 26 a factor of 136393894?
True
Does 54 divide 4965780820?
False
Is 167482816 a multiple of 447?
False
Is 829228240 a multiple of 5864?
True
Is 424753920 a multiple of 120?
True
Does 30 divide 231915660?
True
Is 37 a factor of 102076778?
False
Is 1291262688 a multiple of 54?
True
Is 1362551 a multiple of 5?
False
Is 107248554 a multiple of 558?
False
Does 9 divide 179878705?
False
Does 59 divide 39172696?
True
Is 15306048 a multiple of 144?
True
Is 101 a factor of 798920892?
False
Is 4682783 a multiple of 7?
True
Is 14213409 a multiple of 3?
True
Is 12 a factor of 38837906?
False
Does 400 divide 279035200?
True
Does 17 divide 6975871?
False
Is 15737 a factor of 326463768?
False
Is 356 a factor of 11602725?
False
Is 45800392 a multiple of 412?
True
Is 76994514 a multiple of 558?
True
Is 691 a factor of 42356974?
False
Does 3 divide 68034581?
False
Is 898 a factor of 14631843?
False
Is 590450448 a multiple of 4652?
True
Does 45 divide 278189953?
False
Does 3 divide 51122718?
True
Is 943 a factor of 64263564?
True
Is 44 a factor of 43364024?
True
Does 420 divide 222926760?
True
Is 20128190 a multiple of 228?
False
Is 301427549 a multiple of 43?
True
Does 9 divide 11467278?
True
Does 3925 divide 644250815?
False
Is 323972404 a multiple of 8?
False
Is 109743218 a multiple of 139?
False
Is 11852027 a multiple of 253?
False
Is 4017097821 a multiple of 1545?
False
Is 993 a factor of 587700099?
True
Is 137 a factor of 96318261?
True
Is 44916894 a multiple of 105?
False
Is 48 a factor of 1138509072?
True
Does 435 divide 375135980?
False
Is 642037094 a multiple of 62?
True
Is 736707 a multiple of 3?
True
Is 655510935 a multiple of 134?
False
Does 9 divide 47310003?
True
Is 489409646 a multiple of 11?
True
Does 15 divide 19139338?
False
Is 4278 a factor of 387249776?
False
Is 3873904 a multiple of 16?
True
Is 13 a factor of 18798694?
False
Does 29 divide 15489915?
True
Is 63149553 a multiple of 5?
False
Does 2399 divide 315904293?
False
Is 75 a factor of 214700250?
True
Is 40 a factor of 55069134?
False
Is 808 a factor of 15015064?
True
Is 758527607 a multiple of 17?
True
Does 132 divide 71358958?
False
Is 89276814 a multiple of 11?
True
Does 297 divide 7405692?
False
Does 51 divide 1905792541?
False
Is 11755 a factor of 6326858385?
True
Is 333771225 a multiple of 5?
True
Does 12 divide 227888748?
True
Is 23 a factor of 11368095?
True
Is 56 a factor of 1920957?
False
Does 177 divide 88097679?
True
Is 1611 a factor of 137319649?
False
Is 27 a factor of 1077312147?
False
Is 10740237 a multiple of 1189?
True
Does 214 divide 131305906?
True
Is 840143876 a multiple of 44?
True
Is 81952188 a multiple of 12?
True
Does 2469 divide 649829043?
False
Does 77 divide 786730329?
True
Is 418 a factor of 84217917?
False
Does 5147 divide 3067017965?
False
Is 1391 a factor of 2478691059?
True
Does 30 divide 162454260?
True
Is 1142 a factor of 679893126?
True
Does 52 divide 95791485?
False
Does 217 divide 12052397?
True
Is 15 a factor of 831676275?
True
Does 25 divide 3469681095?
False
Is 1120 a factor of 278136052?
False
Is 23685859 a multiple of 4?
False
Is 3937469558 a multiple of 49?
False
Is 186 a factor of 310464?
False
Is 19 a factor of 129442934?
True
Is 725088 a multiple of 6?
True
Is 570432643 a multiple of 31?
True
Is 6 a factor of 1546560396?
True
Does 297 divide 37988082?
True
Does 622 divide 666045686?
True
Does 3550 divide 70605950?
True
Is 987367637 a multiple of 3147?
False
Is 990 a factor of 50271210?
True
Is 3299234 a multiple of 36?
False
Does 4500 divide 4453398000?
True
Does 11 divide 45434746?
False
Is 1140699950 a multiple of 25?
True
Is 37034838 a multiple of 139?
False
Is 765028032 a multiple of 3132?
False
Is 98 a factor of 882898856?
True
Is 425413417 a multiple of 5863?
True
Is 7075522444 a multiple of 54?
False
Is 303 a factor of 247900965?
True
Is 73101700 a multiple of 476?
True
Is 30088787 a multiple of 874?
False
Is 408954598 a multiple of 18?
False
Is 62605065 a multiple of 7?
False
Does 12 divide 10697305?
False
Is 477 a factor of 1965836727?
True
Is 82232609 a multiple of 17?
False
Is 1291800073 a multiple of 2469?
False
Does 53 divide 327894093?
True
Is 94186431 a multiple of 36?
False
Is 400 a factor of 449120384?
False
Does 339 divide 144248424?
False
Does 13 divide 6322162964?
True
Is 177545004 a multiple of 69?
True
Is 76222397 a multiple of 573?
False
Is 25 a factor of 81708000?
True
Is 927473885 a multiple of 11?
False
Is 1283705347 a multiple of 10?
False
Does 17 divide 43013098?
False
Is 29 a factor of 1323016192?
True
Does 211 divide 25850665?
True
Does 419 divide 29844920?
False
Is 498 a factor of 45468396?
True
Does 18 divide 28250406?
True
Is 7441 a factor of 610373140?
False
Is 515647662 a multiple of 5736?
False
Does 169 divide 2768777?
False
Is 79177212 a multiple of 18?
True
Is 300828 a multiple of 159?
True
Is 30732690 a multiple of 15?
True
Is 18703005 a multiple of 1299?
False
Is 17606283 a multiple of 70?
False
Is 480 a factor of 1824348268?
False
Does 8 divide 1731231485?
False
Is 2695 a factor of 407509605?
False
Is 1750 a factor of 113864286?
False
Is 19 a factor of 41552487?
True
Is 3